{"id":162,"date":"2011-02-21T13:43:22","date_gmt":"2011-02-21T13:43:22","guid":{"rendered":"http:\/\/uwflintbek.wordpress.com\/?page_id=162"},"modified":"2022-11-19T13:26:24","modified_gmt":"2022-11-19T11:26:24","slug":"mitglied-werden","status":"publish","type":"page","link":"https:\/\/uwf-online.de\/?page_id=162","title":{"rendered":"Mitglied werden \/ Spenden"},"content":{"rendered":"<h4>Die UWF\u00a0befasst sich mit all jenen Themen, welche die Gemeinde Flintbek\u00a0direkt oder indirekt betreffen. Insbesondere geht es uns darum, die\u00a0B\u00fcrgerinnen und B\u00fcrger Flintbeks\u00a0in politische und verwaltungstechnische Fragen verst\u00e4rkt mit einzubeziehen, praxisorientierte Vorschl\u00e4ge zu erarbeiten und untereinander zu koordinieren.<\/h4>\n<h4>Wir freuen uns \u00fcber alle, die uns unterst\u00fctzen wollen. Auch wenn Sie wenig Zeit haben und sich nicht\u00a0aktiv einbringen k\u00f6nnen,\u00a0freuen wir uns \u00fcber jedes neue Mitglied.\u00a0Hier finden Sie die <a href=\"https:\/\/uwf-online.de\/wp-content\/uploads\/2022\/07\/Beitrittserklaerung_Lastschriftmandat_2022.pdf\">Beitrittserkl\u00e4rung<\/a>.<\/h4>\n<h4>Bitte senden Sie Ihre ausgef\u00fcllte Beitrittserkl\u00e4rung\u00a0an:<\/h4>\n<address>\u00a0<\/address>\n<address>Stefan Hansen<\/address>\n<address>Unabh\u00e4ngige W\u00e4hlergemeinschaft Flintbek (UWF)<\/address>\n<address>Amselring 22<\/address>\n<address>24220 Flintbek<\/address>\n<address>E-Mail: stefan.hansen@kohlhammer.de<\/address>\n<address>\u00a0<\/address>\n<h4>Sie m\u00f6chten unsere Arbeit finanziell unterst\u00fctzen? Gern, unsere Bankverbindung lautet:<\/h4>\n<address>UWF<\/address>\n<p>BIC: GENODEF1NSH<\/p>\n<p>IBAN: DE51 2139 0008 0002 0063 91<\/p>\n<address>VR Bank zwischen den Meeren<\/address>\n","protected":false},"excerpt":{"rendered":"<p>Die UWF\u00a0befasst sich mit all jenen Themen, welche die Gemeinde Flintbek\u00a0direkt oder indirekt betreffen. Insbesondere geht es uns darum, die\u00a0B\u00fcrgerinnen und B\u00fcrger Flintbeks\u00a0in politische und verwaltungstechnische Fragen verst\u00e4rkt mit einzubeziehen, praxisorientierte Vorschl\u00e4ge zu erarbeiten und untereinander zu koordinieren. Wir freuen uns \u00fcber alle, die uns unterst\u00fctzen wollen. Auch wenn Sie wenig Zeit haben und sich [&hellip;]<\/p>\n","protected":false},"author":2,"featured_media":0,"parent":0,"menu_order":0,"comment_status":"closed","ping_status":"closed","template":"","meta":{"footnotes":""},"class_list":["post-162","page","type-page","status-publish","hentry","entry"],"_links":{"self":[{"href":"https:\/\/uwf-online.de\/index.php?rest_route=\/wp\/v2\/pages\/162","targetHints":{"allow":["GET"]}}],"collection":[{"href":"https:\/\/uwf-online.de\/index.php?rest_route=\/wp\/v2\/pages"}],"about":[{"href":"https:\/\/uwf-online.de\/index.php?rest_route=\/wp\/v2\/types\/page"}],"author":[{"embeddable":true,"href":"https:\/\/uwf-online.de\/index.php?rest_route=\/wp\/v2\/users\/2"}],"replies":[{"embeddable":true,"href":"https:\/\/uwf-online.de\/index.php?rest_route=%2Fwp%2Fv2%2Fcomments&post=162"}],"version-history":[{"count":16,"href":"https:\/\/uwf-online.de\/index.php?rest_route=\/wp\/v2\/pages\/162\/revisions"}],"predecessor-version":[{"id":2685,"href":"https:\/\/uwf-online.de\/index.php?rest_route=\/wp\/v2\/pages\/162\/revisions\/2685"}],"wp:attachment":[{"href":"https:\/\/uwf-online.de\/index.php?rest_route=%2Fwp%2Fv2%2Fmedia&parent=162"}],"curies":[{"name":"wp","href":"https:\/\/api.w.org\/{rel}","templated":true}]}}