{"id":197,"date":"2011-02-21T15:34:19","date_gmt":"2011-02-21T15:34:19","guid":{"rendered":"http:\/\/uwflintbek.wordpress.com\/?page_id=197"},"modified":"2013-08-25T07:57:20","modified_gmt":"2013-08-25T07:57:20","slug":"bildung","status":"publish","type":"page","link":"https:\/\/uwf-online.de\/?page_id=197","title":{"rendered":"Bildung"},"content":{"rendered":"<p>F\u00fcr die UWF ist Bildungspolitik die beste Sozialpolitik.\u00a0Sie soll dem Einzelnen Hilfe zur Selbsthilfe geben, an der \u00dcberwindung sozialer Hindernisse im Sinne der Chancengerechtigkeit mitwirken, die Weitergabe der Kultur und der Prinzipien einer freiheitlichen Gesellschaftsordnung gew\u00e4hrleisten.<\/p>\n<p>Die\u00a0UWF\u00a0stellt fest, dass die Bildungsanforderungen\u00a0in einer Gesellschaft einem st\u00e4ndigen Wechsel unterliegen. Deshalb muss die Bildungslandschaft\u00a0den neuen Anforderungen immer wieder angepasst werden. Es ist un\u00fcbersehbar, dass die Schule heute auch zunehmend Erziehungsfunktionen\u00a0zu \u00fcbernehmen hat. Dazu\u00a0muss die Schule auch in die Lage versetzt werden.<\/p>\n<p>Der Regionalschulstandort\u00a0Flintbek\u00a0muss durch eine Absenkung der Mindestsch\u00fclerzahl\u00a0und bei Bedarf durch jahrgangskombinierte\u00a0Klassen\u00a0erhalten\u00a0werden, um die wohnortnahe\u00a0Beschulung zu sichern und teuren &#8222;Sch\u00fclertourismus&#8220; einzud\u00e4mmen. Ein\u00a0bedarfsorientiertes Ganztagsangebot\u00a0an der Schule am Eiderwald ist zu sichern und fortlaufend auszubauen.<\/p>\n<p>Die Flintbeker\u00a0Schule ist in einem hervorragenden baulichen Zustand. Die Geb\u00e4udesicherheit ist musterg\u00fcltig. Hier hat die Gemeinde in den letzten Jahren sehr viel Geld investiert. Dass die Sanit\u00e4reinrichtungen noch Nachholbedarf haben, haben wir mehrfach angemahnt.<br \/>\nWir forderten in den Fachaussch\u00fcssen und in der Gemeindevertretung die notwendigen Voraussetzungen zu schaffen, damit die Flintbeker\u00a0Schule zukunftsf\u00e4hig\u00a0ausgestattet werden kann.\u00a0 H\u00f6here Bildungsanforderungen erfordern eine Ausstattung mit zeitgem\u00e4\u00dfen Lehrmitteln.\u00a0 F\u00fcr einen sicheren Umgang mit Computersystemen sind eine entsprechende EDV-Ausstattung und Betreuung unabdingbar. Mit dem beantragten \u00dcbergang von der Regionalschule zur Gemeinschaftsschule zum Beginn des Schuljahres 2013\/2014 wird die von uns schon lange angestrebte Schulform auf die Zielgerade gebracht. F\u00fcr eine Ausstattung mit modernsten Lern- und Lehrmitteln werden wir uns auch weiterhin einsetzen. Eine kostenfreie Bereitstellung der Hausaufgabenhilfe sollte angestrebt werden, um die Flintbeker Sch\u00fclerinnen und Sch\u00fcler kompetent beim Lernen zu unterst\u00fctzen, sie zu f\u00f6rdern und zu motivieren.<\/p>\n<p>Die\u00a0 Jugendf\u00f6rderung in den Vereinen und Verb\u00e4nden liegt uns ganz besonders am Herzen. Wir wollen uns daf\u00fcr einsetzen, dass sich auch in Zeiten \u201eknapper Kassen\u201c das ein oder andere Projekt gef\u00f6rdert werden kann.<\/p>\n","protected":false},"excerpt":{"rendered":"<p>F\u00fcr die UWF ist Bildungspolitik die beste Sozialpolitik.\u00a0Sie soll dem Einzelnen Hilfe zur Selbsthilfe geben, an der \u00dcberwindung sozialer Hindernisse im Sinne der Chancengerechtigkeit mitwirken, die Weitergabe der Kultur und der Prinzipien einer freiheitlichen Gesellschaftsordnung gew\u00e4hrleisten. Die\u00a0UWF\u00a0stellt fest, dass die Bildungsanforderungen\u00a0in einer Gesellschaft einem st\u00e4ndigen Wechsel unterliegen. Deshalb muss die Bildungslandschaft\u00a0den neuen Anforderungen immer wieder [&hellip;]<\/p>\n","protected":false},"author":2,"featured_media":0,"parent":191,"menu_order":0,"comment_status":"closed","ping_status":"closed","template":"","meta":{"footnotes":""},"class_list":["post-197","page","type-page","status-publish","hentry","entry"],"_links":{"self":[{"href":"https:\/\/uwf-online.de\/index.php?rest_route=\/wp\/v2\/pages\/197","targetHints":{"allow":["GET"]}}],"collection":[{"href":"https:\/\/uwf-online.de\/index.php?rest_route=\/wp\/v2\/pages"}],"about":[{"href":"https:\/\/uwf-online.de\/index.php?rest_route=\/wp\/v2\/types\/page"}],"author":[{"embeddable":true,"href":"https:\/\/uwf-online.de\/index.php?rest_route=\/wp\/v2\/users\/2"}],"replies":[{"embeddable":true,"href":"https:\/\/uwf-online.de\/index.php?rest_route=%2Fwp%2Fv2%2Fcomments&post=197"}],"version-history":[{"count":4,"href":"https:\/\/uwf-online.de\/index.php?rest_route=\/wp\/v2\/pages\/197\/revisions"}],"predecessor-version":[{"id":1567,"href":"https:\/\/uwf-online.de\/index.php?rest_route=\/wp\/v2\/pages\/197\/revisions\/1567"}],"up":[{"embeddable":true,"href":"https:\/\/uwf-online.de\/index.php?rest_route=\/wp\/v2\/pages\/191"}],"wp:attachment":[{"href":"https:\/\/uwf-online.de\/index.php?rest_route=%2Fwp%2Fv2%2Fmedia&parent=197"}],"curies":[{"name":"wp","href":"https:\/\/api.w.org\/{rel}","templated":true}]}}