{"id":203,"date":"2011-02-21T15:36:43","date_gmt":"2011-02-21T15:36:43","guid":{"rendered":"http:\/\/uwflintbek.wordpress.com\/?page_id=203"},"modified":"2012-11-28T08:16:27","modified_gmt":"2012-11-28T08:16:27","slug":"umwelt-und-energie","status":"publish","type":"page","link":"https:\/\/uwf-online.de\/?page_id=203","title":{"rendered":"Umwelt und Energie"},"content":{"rendered":"<p>Aus Sicht der UWF soll kommunale Umweltpolitik die vorhandene \u00f6kologische Infrastruktur erhalten und fortentwickeln.\u00a0 Dadurch gestalten wir ganz wesentlich die Lebens- und Umweltqualit\u00e4t unserer Gemeinde.<\/p>\n<p>Die Gemeinde ist\u00a0meist in sehr unterschiedlichen Rollen t\u00e4tig:\u00a0 Mal\u00a0ist sie Planer und Regulierer, mal Versorger, oft auch Verbraucher und Nutzer. Immer jedoch\u00a0ist sie wichtiger Multiplikator, um B\u00fcrgerinnen und B\u00fcrger\u00a0und Unternehmen f\u00fcr den Umweltschutz zu gewinnen. Bereits vor Jahren haben wir gefordert, dass die \u00f6ffentlichen Geb\u00e4ude in ein Energiemanagementkonzept\u00a0einbezogen werden. Wir begr\u00fc\u00dfen au\u00dferdem die verst\u00e4rkte Nutzung der regenerativen Energien. Der Erfolg der notwendigen Energiewende kann nur eintreten, wenn neben neuen Energietr\u00e4gern auch eine umfassende Strategie zur Reduzierung der Energieverbr\u00e4uche entwickelt und umgesetzt wird. Unser \u00e4u\u00dferst positives Ergebnis in der Energieolympiade 2012 best\u00e4rkt uns darin, am geforderten Konzept eines \u201eEnergiek\u00fcmmerers\u201c f\u00fcr die gemeindeeigenen Geb\u00e4ude festzuhalten.\u00a0<\/p>\n<p>Die UWF\u00a0will die B\u00fcrgerinnen und B\u00fcrger sowie die ortsans\u00e4ssigen Unternehmen dazu motivieren, Energie effizient einzusetzen, Energiesparm\u00f6glichkeiten zu nutzen und\u00a0vorrangig auf erneuerbare Energien zu setzen.<\/p>\n<p>Wir unterst\u00fctzen die Erarbeitung eines Klimaschutzkonzeptes der Gemeinde, um eine umfassende L\u00f6sung zum sparsamen und zukunftsgerechten Umgang mit Energie in unserem Ort zu entwickeln und umzusetzen. Hierzu geh\u00f6rt unter anderem die von uns schon lange geforderte und l\u00e4ngst \u00fcberf\u00e4llige Umr\u00fcstung der Stra\u00dfenbeleuchtung auf die\u00a0energetisch effizientere und umweltfreundlichere LED-Technik.\u00a0<\/p>\n<p>Die notwendige Aufstellung von Regeln f\u00fcr die Sperrm\u00fcllabfuhr in unserem Ort (Stichwort:\u201cVermeidung von M\u00fclltourismus\u201c) sowie Planung und Umsetzung von Ma\u00dfnahmen zur Pflege des Flussbettes und der Uferbereiche der Eider sind weitere Problemfelder, f\u00fcr die\u00a0in Zukunft L\u00f6sungen gefunden werden m\u00fcssen.<\/p>\n<p>Dar\u00fcber hinaus engagiert sich die UWF umweltpolitisch auf einer Vielzahl von Gebieten:<\/p>\n<ul>\n<li>Bauleitplanung und Ortsentwicklung<\/li>\n<li>Fl\u00e4chenmanagement<\/li>\n<li>Landschaftsplanung und -entwicklung<\/li>\n<li>Ortsbegr\u00fcnung<\/li>\n<li>Pflege \u00f6ffentliches Gr\u00fcn und Anlagen<\/li>\n<li>Naherholung im Einklang mit der Natur<\/li>\n<li>Mitwirkung bei der Festlegung von Schutzgebieten<\/li>\n<li>Wasserversorgung\u00a0und Grundwasserschutz<\/li>\n<li>Abwasserbeseitigung<\/li>\n<li>L\u00e4rmschutz<\/li>\n<li>Umweltfreundlicher Bau und Unterhaltung von Liegenschaften<\/li>\n<\/ul>\n","protected":false},"excerpt":{"rendered":"<p>Aus Sicht der UWF soll kommunale Umweltpolitik die vorhandene \u00f6kologische Infrastruktur erhalten und fortentwickeln.\u00a0 Dadurch gestalten wir ganz wesentlich die Lebens- und Umweltqualit\u00e4t unserer Gemeinde. Die Gemeinde ist\u00a0meist in sehr unterschiedlichen Rollen t\u00e4tig:\u00a0 Mal\u00a0ist sie Planer und Regulierer, mal Versorger, oft auch Verbraucher und Nutzer. Immer jedoch\u00a0ist sie wichtiger Multiplikator, um B\u00fcrgerinnen und B\u00fcrger\u00a0und Unternehmen [&hellip;]<\/p>\n","protected":false},"author":2,"featured_media":0,"parent":191,"menu_order":0,"comment_status":"closed","ping_status":"closed","template":"","meta":{"footnotes":""},"class_list":["post-203","page","type-page","status-publish","hentry","entry"],"_links":{"self":[{"href":"https:\/\/uwf-online.de\/index.php?rest_route=\/wp\/v2\/pages\/203","targetHints":{"allow":["GET"]}}],"collection":[{"href":"https:\/\/uwf-online.de\/index.php?rest_route=\/wp\/v2\/pages"}],"about":[{"href":"https:\/\/uwf-online.de\/index.php?rest_route=\/wp\/v2\/types\/page"}],"author":[{"embeddable":true,"href":"https:\/\/uwf-online.de\/index.php?rest_route=\/wp\/v2\/users\/2"}],"replies":[{"embeddable":true,"href":"https:\/\/uwf-online.de\/index.php?rest_route=%2Fwp%2Fv2%2Fcomments&post=203"}],"version-history":[{"count":4,"href":"https:\/\/uwf-online.de\/index.php?rest_route=\/wp\/v2\/pages\/203\/revisions"}],"predecessor-version":[{"id":1211,"href":"https:\/\/uwf-online.de\/index.php?rest_route=\/wp\/v2\/pages\/203\/revisions\/1211"}],"up":[{"embeddable":true,"href":"https:\/\/uwf-online.de\/index.php?rest_route=\/wp\/v2\/pages\/191"}],"wp:attachment":[{"href":"https:\/\/uwf-online.de\/index.php?rest_route=%2Fwp%2Fv2%2Fmedia&parent=203"}],"curies":[{"name":"wp","href":"https:\/\/api.w.org\/{rel}","templated":true}]}}

<p>Aus Sicht der UWF soll kommunale Umweltpolitik die vorhandene ökologische Infrastruktur erhalten und fortentwickeln.  Dadurch gestalten wir ganz wesentlich die Lebens- und Umweltqualität unserer Gemeinde.</p>
<p>Die Gemeinde ist meist in sehr unterschiedlichen Rollen tätig:  Mal ist sie Planer und Regulierer, mal Versorger, oft auch Verbraucher und Nutzer. Immer jedoch ist sie wichtiger Multiplikator, um Bürgerinnen und Bürger und Unternehmen für den Umweltschutz zu gewinnen. Bereits vor Jahren haben wir gefordert, dass die öffentlichen Gebäude in ein Energiemanagementkonzept einbezogen werden. Wir begrüßen außerdem die verstärkte Nutzung der regenerativen Energien. Der Erfolg der notwendigen Energiewende kann nur eintreten, wenn neben neuen Energieträgern auch eine umfassende Strategie zur Reduzierung der Energieverbräuche entwickelt und umgesetzt wird. Unser äußerst positives Ergebnis in der Energieolympiade 2012 bestärkt uns darin, am geforderten Konzept eines „Energiekümmerers“ für die gemeindeeigenen Gebäude festzuhalten. </p>
<p>Die UWF will die Bürgerinnen und Bürger sowie die ortsansässigen Unternehmen dazu motivieren, Energie effizient einzusetzen, Energiesparmöglichkeiten zu nutzen und vorrangig auf erneuerbare Energien zu setzen.</p>
<p>Wir unterstützen die Erarbeitung eines Klimaschutzkonzeptes der Gemeinde, um eine umfassende Lösung zum sparsamen und zukunftsgerechten Umgang mit Energie in unserem Ort zu entwickeln und umzusetzen. Hierzu gehört unter anderem die von uns schon lange geforderte und längst überfällige Umrüstung der Straßenbeleuchtung auf die energetisch effizientere und umweltfreundlichere LED-Technik. </p>
<p>Die notwendige Aufstellung von Regeln für die Sperrmüllabfuhr in unserem Ort (Stichwort:“Vermeidung von Mülltourismus“) sowie Planung und Umsetzung von Maßnahmen zur Pflege des Flussbettes und der Uferbereiche der Eider sind weitere Problemfelder, für die in Zukunft Lösungen gefunden werden müssen.</p>
<p>Darüber hinaus engagiert sich die UWF umweltpolitisch auf einer Vielzahl von Gebieten:</p>
<ul>
<li>Bauleitplanung und Ortsentwicklung</li>
<li>Flächenmanagement</li>
<li>Landschaftsplanung und -entwicklung</li>
<li>Ortsbegrünung</li>
<li>Pflege öffentliches Grün und Anlagen</li>
<li>Naherholung im Einklang mit der Natur</li>
<li>Mitwirkung bei der Festlegung von Schutzgebieten</li>
<li>Wasserversorgung und Grundwasserschutz</li>
<li>Abwasserbeseitigung</li>
<li>Lärmschutz</li>
<li>Umweltfreundlicher Bau und Unterhaltung von Liegenschaften</li>
</ul>

<p>Aus Sicht der UWF soll kommunale Umweltpolitik die vorhandene ökologische Infrastruktur erhalten und fortentwickeln.  Dadurch gestalten wir ganz wesentlich die Lebens- und Umweltqualität unserer Gemeinde. Die Gemeinde ist meist in sehr unterschiedlichen Rollen tätig:  Mal ist sie Planer und Regulierer, mal Versorger, oft auch Verbraucher und Nutzer. Immer jedoch ist sie wichtiger Multiplikator, um Bürgerinnen und Bürger und Unternehmen [&hellip;]</p>
