{"id":27,"date":"2011-02-18T12:03:57","date_gmt":"2011-02-18T12:03:57","guid":{"rendered":"http:\/\/uwflintbek.wordpress.com\/?page_id=27"},"modified":"2011-02-18T12:03:57","modified_gmt":"2011-02-18T12:03:57","slug":"satzung-der-uwf","status":"publish","type":"page","link":"https:\/\/uwf-online.de\/?page_id=27","title":{"rendered":"Satzung der UWF"},"content":{"rendered":"<h2 style=\"text-align:center;\"><span style=\"color:#000080;\"><strong>Unabh\u00e4ngige W\u00e4hlergemeinschaft Flintbek<\/strong><\/span><\/h2>\n<h2 style=\"text-align:center;\"><span style=\"color:#000080;\"><strong>&#8211; Satzung &#8211;<\/strong><\/span><\/h2>\n<h3 style=\"text-align:left;\"><span style=\"color:#000080;\"><strong>Pr\u00e4ambel<\/strong><\/span><\/h3>\n<h3><span style=\"color:#000080;\">Die\u00a0Unabh\u00e4ngige W\u00e4hlergemeinschaft Flintbek (UWF) ist eine Gemeinschaft im Sinne des Artikels 21 des Grundgesetzes. Sie vereinigt die Einwohner der Gemeinde Flintbek, die bereit sind, in uneigenn\u00fctziger Weise an der L\u00f6sung der Gemeinde Flintbek gestellten Aufgaben mitzuarbeiten und die Anliegen der Gemeinde nach Kr\u00e4ften zu f\u00f6rdern. Ihr Sitz ist Flintbek.<\/span><\/h3>\n<h3><strong><span style=\"color:#000080;\">\u00a7\u00a0 1\u00a0\u00a0\u00a0\u00a0\u00a0 Zweck<\/span><\/strong><\/h3>\n<h3><span style=\"color:#000080;\">Der\u00a0Zweck der W\u00e4hlergemeinschaft ist ausschliesslich mit eigenen Wahlvorschl\u00e4gen an den Wahlen auf Kommunalebene bei der politischen Willensbildung mitzuwirken.<\/span><\/h3>\n<h3><strong><span style=\"color:#000080;\">\u00a7\u00a0 2\u00a0\u00a0\u00a0\u00a0\u00a0 Mitgliedschaft<\/span><\/strong><\/h3>\n<h3><span style=\"color:#000080;\">Mitglied der UWF\u00a0kann werden, wer im Besitz der b\u00fcrgerlichen Ehrenrechte ist, das 16. Lebensjahr vollendet hat und die Satzung der Gemeinschaft anerkennt. Die Mitgliedschaft in der UWF ist mit der Zugeh\u00f6rigkeit zu einer in Deutschland zugelassenen politischen Partei vereinbar.<\/span><\/h3>\n<h3><strong><span style=\"color:#000080;\">\u00a7\u00a0 3\u00a0\u00a0\u00a0\u00a0\u00a0 Erwerb der Mitgliedschaft<\/span><\/strong><\/h3>\n<h3><span style=\"color:#000080;\">Die Mitgliedschaft in der UWF wird auf schriftlichen Antrag hin erworben. \u00dcber den Antrag entscheidet der Vorstand oder die Mitgliederversammlung.<\/span><\/h3>\n<h3><strong><span style=\"color:#000080;\">\u00a7\u00a0 4\u00a0\u00a0\u00a0\u00a0\u00a0 Ende der Mitgliedschaft<\/span><\/strong><\/h3>\n<h3><span style=\"color:#000080;\">Die Mitgliedschaft endet entweder durch Austritt oder Auschluss. Ein Mitglied kann ausgeschlossen werden, wenn es gegen die Grunds\u00e4tze der Gemeinschaft verst\u00f6\u00dft oder wenn es durch sein Verhalten das Ansehen der Gemeinschaft sch\u00e4digt. Ein Mitglied mu\u00df ausgeschlossen werden, wenn ihm durch rechtskr\u00e4ftiges Urteil eines Gerichts die b\u00fcrgerlichen Ehrenrechte abgesprochen worden sind. \u00dcber den Ausschluss entscheidet die Mitgliederversammlung in einfacher Mehrheit.<\/span><\/h3>\n<h3><strong><span style=\"color:#000080;\">\u00a7\u00a0 5\u00a0\u00a0\u00a0\u00a0\u00a0 Organe der UWF<\/span><\/strong><\/h3>\n<h3><span style=\"color:#000080;\">Die Organe der UWF sind der Vorstand und die Mitgliederversammlung.<\/span><\/h3>\n<h3><strong><span style=\"color:#000080;\">\u00a7\u00a0 6\u00a0\u00a0\u00a0\u00a0\u00a0 Der Vorstand<\/span><\/strong><\/h3>\n<h3><span style=\"color:#000080;\">Der Vorstand der UWF\u00a0wird von der Mitgliederversammlung f\u00fcr die Dauer einer Wahlperiode gew\u00e4hlt. Er besteht aus einer oder einem Vorsitzenden, einer bzw. einem stellvertretenden Vorsitzenden, einer Schatzmeisterin\u00a0bzw. einem Schatzmeister, einer Schriftf\u00fchrerin bzw. einem Schriftf\u00fchrer und der\/dem jeweiligen Fraktionsvorsitzenden. Die bzw. der Vorsitzende soll grunds\u00e4tzlich nicht Gemeindevertreterin oder Gemeindevertreter sein.<\/span><\/h3>\n<h3><strong><span style=\"color:#000080;\">\u00a7\u00a0 7\u00a0\u00a0\u00a0\u00a0\u00a0 Zeichnung<\/span><\/strong><\/h3>\n<h3><span style=\"color:#000080;\">Die UWF wird durch die Vorsitzende bzw. den Vorsitzenden gemeinsam mit einem weiteren Mitglied des Vorstandes vertreten.<\/span><\/h3>\n<h3><strong><span style=\"color:#000080;\">\u00a7\u00a0 8\u00a0\u00a0\u00a0\u00a0\u00a0 Mitgliederversammlung<\/span><\/strong><\/h3>\n<h3><span style=\"color:#000080;\">Die Mitgliederversammlung wird vom Vorstand nach Bedarf unter Angabe einer Tagesordnung einberufen. Sie muss\u00a0einberufen werden, wenn ein Drittel der Mitglieder es schriftlich verlangt. Die Einberufungsfrist\u00a0betr\u00e4gt 1 Woche. Eine fristgem\u00e4\u00df einberufene Mitgliederversammlung ist stets beschlu\u00dff\u00e4hig.<\/span><\/h3>\n<h3><strong><span style=\"color:#000080;\">\u00a7\u00a0 9\u00a0\u00a0\u00a0\u00a0\u00a0 Mitgliedsbeitr\u00e4ge<\/span><\/strong><\/h3>\n<h3><span style=\"color:#000080;\">Der j\u00e4hrliche Mitgliedsbeitrag wird durch die Mitgliederversammlung festgesetzt. Der Regelbeitrag betr\u00e4gt \u20ac 35,00 und wird zu Beginn des Kalenderjahres f\u00e4llig. <\/span><\/h3>\n<h3><strong><span style=\"color:#000080;\">\u00a7\u00a0 10\u00a0\u00a0\u00a0 Die Mitglieder<\/span><\/strong><\/h3>\n<h3><span style=\"color:#000080;\">Jedes Mitglied hat das Recht und die Pflicht, die Zwecke der Gemeinschaft zu f\u00f6rdern. Die in die Gemeindevertretung gew\u00e4hlten Mitglieder sind nur ihrem eigenen Gewissen verantwortlich. Ein Fraktionszwang ist nicht zul\u00e4ssig.<\/span><\/h3>\n<h3><strong><span style=\"color:#000080;\">\u00a7\u00a0 11\u00a0\u00a0\u00a0 \u00c4nderung der Satzung<\/span><\/strong><\/h3>\n<h3><span style=\"color:#000080;\">\u00c4nderungen der Satzung k\u00f6nnen nur mit Zweidrittel-Mehrheit der Mitglieder auf einer Mitgliederversammlung beschlossen werden.<\/span><\/h3>\n<h3><strong><span style=\"color:#000080;\">\u00a7\u00a0 12\u00a0\u00a0\u00a0 Aufl\u00f6sung<\/span><\/strong><\/h3>\n<h3><span style=\"color:#000080;\">Die Aufl\u00f6sung der UWF kann nur mit einer Dreiviertel-Mehrheit der Mitglieder auf einer Mitgliederversammlung beschlossen werden. In diesem Fall wird das Verm\u00f6gen gemeinn\u00fctzigen Zwecken zugef\u00fchrt.<\/span><\/h3>\n<h3><strong><span style=\"color:#000080;\">\u00a7\u00a0 13\u00a0\u00a0\u00a0 Wirksamkeit der Satzung<\/span><\/strong><\/h3>\n<h3><span style=\"color:#000080;\">Die Satzung tritt mit ihrer Annahme durch die Mitgliederversammlung in Kraft.<\/span><\/h3>\n<h3><span style=\"color:#000080;\">Flintbek, den 07. Dezember 2007<\/span><\/h3>\n<h3><span style=\"color:#000080;\"><em><br \/>\n<\/em><\/span><\/h3>\n","protected":false},"excerpt":{"rendered":"<p>Unabh\u00e4ngige W\u00e4hlergemeinschaft Flintbek &#8211; Satzung &#8211; Pr\u00e4ambel Die\u00a0Unabh\u00e4ngige W\u00e4hlergemeinschaft Flintbek (UWF) ist eine Gemeinschaft im Sinne des Artikels 21 des Grundgesetzes. Sie vereinigt die Einwohner der Gemeinde Flintbek, die bereit sind, in uneigenn\u00fctziger Weise an der L\u00f6sung der Gemeinde Flintbek gestellten Aufgaben mitzuarbeiten und die Anliegen der Gemeinde nach Kr\u00e4ften zu f\u00f6rdern. Ihr Sitz ist [&hellip;]<\/p>\n","protected":false},"author":2,"featured_media":0,"parent":85,"menu_order":1,"comment_status":"closed","ping_status":"closed","template":"fullwidth-page.php","meta":{"footnotes":""},"class_list":["post-27","page","type-page","status-publish","hentry","entry"],"_links":{"self":[{"href":"https:\/\/uwf-online.de\/index.php?rest_route=\/wp\/v2\/pages\/27","targetHints":{"allow":["GET"]}}],"collection":[{"href":"https:\/\/uwf-online.de\/index.php?rest_route=\/wp\/v2\/pages"}],"about":[{"href":"https:\/\/uwf-online.de\/index.php?rest_route=\/wp\/v2\/types\/page"}],"author":[{"embeddable":true,"href":"https:\/\/uwf-online.de\/index.php?rest_route=\/wp\/v2\/users\/2"}],"replies":[{"embeddable":true,"href":"https:\/\/uwf-online.de\/index.php?rest_route=%2Fwp%2Fv2%2Fcomments&post=27"}],"version-history":[{"count":1,"href":"https:\/\/uwf-online.de\/index.php?rest_route=\/wp\/v2\/pages\/27\/revisions"}],"predecessor-version":[{"id":522,"href":"https:\/\/uwf-online.de\/index.php?rest_route=\/wp\/v2\/pages\/27\/revisions\/522"}],"up":[{"embeddable":true,"href":"https:\/\/uwf-online.de\/index.php?rest_route=\/wp\/v2\/pages\/85"}],"wp:attachment":[{"href":"https:\/\/uwf-online.de\/index.php?rest_route=%2Fwp%2Fv2%2Fmedia&parent=27"}],"curies":[{"name":"wp","href":"https:\/\/api.w.org\/{rel}","templated":true}]}}

<h2 style="text-align:center;"><span style="color:#000080;"><strong>Unabhängige Wählergemeinschaft Flintbek</strong></span></h2>
<h2 style="text-align:center;"><span style="color:#000080;"><strong>&#8211; Satzung &#8211;</strong></span></h2>
<h3 style="text-align:left;"><span style="color:#000080;"><strong>Präambel</strong></span></h3>
<h3><span style="color:#000080;">Die Unabhängige Wählergemeinschaft Flintbek (UWF) ist eine Gemeinschaft im Sinne des Artikels 21 des Grundgesetzes. Sie vereinigt die Einwohner der Gemeinde Flintbek, die bereit sind, in uneigennütziger Weise an der Lösung der Gemeinde Flintbek gestellten Aufgaben mitzuarbeiten und die Anliegen der Gemeinde nach Kräften zu fördern. Ihr Sitz ist Flintbek.</span></h3>
<h3><strong><span style="color:#000080;">§  1      Zweck</span></strong></h3>
<h3><span style="color:#000080;">Der Zweck der Wählergemeinschaft ist ausschliesslich mit eigenen Wahlvorschlägen an den Wahlen auf Kommunalebene bei der politischen Willensbildung mitzuwirken.</span></h3>
<h3><strong><span style="color:#000080;">§  2      Mitgliedschaft</span></strong></h3>
<h3><span style="color:#000080;">Mitglied der UWF kann werden, wer im Besitz der bürgerlichen Ehrenrechte ist, das 16. Lebensjahr vollendet hat und die Satzung der Gemeinschaft anerkennt. Die Mitgliedschaft in der UWF ist mit der Zugehörigkeit zu einer in Deutschland zugelassenen politischen Partei vereinbar.</span></h3>
<h3><strong><span style="color:#000080;">§  3      Erwerb der Mitgliedschaft</span></strong></h3>
<h3><span style="color:#000080;">Die Mitgliedschaft in der UWF wird auf schriftlichen Antrag hin erworben. Über den Antrag entscheidet der Vorstand oder die Mitgliederversammlung.</span></h3>
<h3><strong><span style="color:#000080;">§  4      Ende der Mitgliedschaft</span></strong></h3>
<h3><span style="color:#000080;">Die Mitgliedschaft endet entweder durch Austritt oder Auschluss. Ein Mitglied kann ausgeschlossen werden, wenn es gegen die Grundsätze der Gemeinschaft verstößt oder wenn es durch sein Verhalten das Ansehen der Gemeinschaft schädigt. Ein Mitglied muß ausgeschlossen werden, wenn ihm durch rechtskräftiges Urteil eines Gerichts die bürgerlichen Ehrenrechte abgesprochen worden sind. Über den Ausschluss entscheidet die Mitgliederversammlung in einfacher Mehrheit.</span></h3>
<h3><strong><span style="color:#000080;">§  5      Organe der UWF</span></strong></h3>
<h3><span style="color:#000080;">Die Organe der UWF sind der Vorstand und die Mitgliederversammlung.</span></h3>
<h3><strong><span style="color:#000080;">§  6      Der Vorstand</span></strong></h3>
<h3><span style="color:#000080;">Der Vorstand der UWF wird von der Mitgliederversammlung für die Dauer einer Wahlperiode gewählt. Er besteht aus einer oder einem Vorsitzenden, einer bzw. einem stellvertretenden Vorsitzenden, einer Schatzmeisterin bzw. einem Schatzmeister, einer Schriftführerin bzw. einem Schriftführer und der/dem jeweiligen Fraktionsvorsitzenden. Die bzw. der Vorsitzende soll grundsätzlich nicht Gemeindevertreterin oder Gemeindevertreter sein.</span></h3>
<h3><strong><span style="color:#000080;">§  7      Zeichnung</span></strong></h3>
<h3><span style="color:#000080;">Die UWF wird durch die Vorsitzende bzw. den Vorsitzenden gemeinsam mit einem weiteren Mitglied des Vorstandes vertreten.</span></h3>
<h3><strong><span style="color:#000080;">§  8      Mitgliederversammlung</span></strong></h3>
<h3><span style="color:#000080;">Die Mitgliederversammlung wird vom Vorstand nach Bedarf unter Angabe einer Tagesordnung einberufen. Sie muss einberufen werden, wenn ein Drittel der Mitglieder es schriftlich verlangt. Die Einberufungsfrist beträgt 1 Woche. Eine fristgemäß einberufene Mitgliederversammlung ist stets beschlußfähig.</span></h3>
<h3><strong><span style="color:#000080;">§  9      Mitgliedsbeiträge</span></strong></h3>
<h3><span style="color:#000080;">Der jährliche Mitgliedsbeitrag wird durch die Mitgliederversammlung festgesetzt. Der Regelbeitrag beträgt € 35,00 und wird zu Beginn des Kalenderjahres fällig. </span></h3>
<h3><strong><span style="color:#000080;">§  10    Die Mitglieder</span></strong></h3>
<h3><span style="color:#000080;">Jedes Mitglied hat das Recht und die Pflicht, die Zwecke der Gemeinschaft zu fördern. Die in die Gemeindevertretung gewählten Mitglieder sind nur ihrem eigenen Gewissen verantwortlich. Ein Fraktionszwang ist nicht zulässig.</span></h3>
<h3><strong><span style="color:#000080;">§  11    Änderung der Satzung</span></strong></h3>
<h3><span style="color:#000080;">Änderungen der Satzung können nur mit Zweidrittel-Mehrheit der Mitglieder auf einer Mitgliederversammlung beschlossen werden.</span></h3>
<h3><strong><span style="color:#000080;">§  12    Auflösung</span></strong></h3>
<h3><span style="color:#000080;">Die Auflösung der UWF kann nur mit einer Dreiviertel-Mehrheit der Mitglieder auf einer Mitgliederversammlung beschlossen werden. In diesem Fall wird das Vermögen gemeinnützigen Zwecken zugeführt.</span></h3>
<h3><strong><span style="color:#000080;">§  13    Wirksamkeit der Satzung</span></strong></h3>
<h3><span style="color:#000080;">Die Satzung tritt mit ihrer Annahme durch die Mitgliederversammlung in Kraft.</span></h3>
<h3><span style="color:#000080;">Flintbek, den 07. Dezember 2007</span></h3>
<h3><span style="color:#000080;"><em><br />
</em></span></h3>

<p>Unabhängige Wählergemeinschaft Flintbek &#8211; Satzung &#8211; Präambel Die Unabhängige Wählergemeinschaft Flintbek (UWF) ist eine Gemeinschaft im Sinne des Artikels 21 des Grundgesetzes. Sie vereinigt die Einwohner der Gemeinde Flintbek, die bereit sind, in uneigennütziger Weise an der Lösung der Gemeinde Flintbek gestellten Aufgaben mitzuarbeiten und die Anliegen der Gemeinde nach Kräften zu fördern. Ihr Sitz ist [&hellip;]</p>
