{"id":489,"date":"2011-06-06T11:52:04","date_gmt":"2011-06-06T11:52:04","guid":{"rendered":"https:\/\/uwf-online.de\/?page_id=489"},"modified":"2023-11-15T18:17:24","modified_gmt":"2023-11-15T16:17:24","slug":"fraktionsmitglieder","status":"publish","type":"page","link":"https:\/\/uwf-online.de\/?page_id=489","title":{"rendered":"Fraktionsmitglieder"},"content":{"rendered":"\n<p class=\"has-medium-font-size\"><strong><em>Anschrift der UWF-Fraktion:<\/em><\/strong><\/p>\n\n\n\n<p class=\"has-medium-font-size\"><em>UWF<\/em><\/p>\n\n\n\n<p class=\"has-medium-font-size\"><em>Heitmannskamp 2<\/em><\/p>\n\n\n\n<p class=\"has-medium-font-size\"><em>24220 Flintbek<\/em><\/p>\n\n\n\n<p><\/p>\n\n\n\n<p><\/p>\n\n\n\n<p class=\"has-medium-font-size\"><strong><em>Die UWF Fraktion hat z.Z. folgende aktive Mitglieder<\/em><\/strong><strong><em>:<\/em><\/strong><\/p>\n\n\n\n<h4 class=\"wp-block-heading\" id=\"helmut-gross-fraktionsvorsitzender\"><strong><em>Helmut Gro\u00df (Fraktionsvorsitzender)<\/em><\/strong><\/h4>\n\n\n\n<figure class=\"wp-block-image\"><img loading=\"lazy\" decoding=\"async\" width=\"123\" height=\"150\" src=\"https:\/\/uwf-online.de\/wp-content\/uploads\/2019\/04\/05UWFadmin-ajax.jpg\" alt=\"\" class=\"wp-image-2393\"\/><\/figure>\n\n\n\n<p>1950&nbsp; in Flintbek geboren, seit \u00fcber 50 Jahren verheiratet, zwei T\u00f6chter und vier Enkelkinder. Eine Flintbeker Familie. Grund- und Realschule in Flintbek. Nach der Lehre ging es in die Landwirtschaft und anschlie\u00dfend in die Landespolizei Schleswig-Holstein. Beruflich am st\u00e4rksten gepr\u00e4gt hat mich die sch\u00f6ne Zeit bei der Wasserschutzpolizei. Dort entstand bei mir und meiner Frau die Faszination f\u00fcr den Wassersport. Seit 1994 bin ich Gemeindevertreter und habe in allen Aussch\u00fcssen mitgearbeitet. Bei allen Entscheidungen in den Aussch\u00fcssen und in der Gemeindevertretung setzte ich mich f\u00fcr die beste L\u00f6sung f\u00fcr Flintbek ein, die auch die wirtschaftlichste sein muss. Ein besonderes Augenmerk habe ich f\u00fcr eine sachgerechte Unterhaltung der gemeindeeigenen Liegenschaften und Stra\u00dfen und die wirtschaftliche Geldausgabe in der Verwaltung.<\/p>\n\n\n\n<p><\/p>\n\n\n\n<h4 class=\"wp-block-heading\" id=\"ruth-gross\"><strong><em>Ruth Gro\u00df <\/em><\/strong><\/h4>\n\n\n\n<figure class=\"wp-block-image\"><img loading=\"lazy\" decoding=\"async\" width=\"121\" height=\"150\" src=\"https:\/\/uwf-online.de\/wp-content\/uploads\/2019\/04\/04UWFadmin-ajax.jpg\" alt=\"\" class=\"wp-image-2392\"\/><\/figure>\n\n\n\n<p>Hauswirtschaftsmeisterin, bei mir weht ein frischer Wind wenn es um die Finanzen geht. Ich bin stv. Mitglied im Rechnungspr\u00fcfungsausschuss und stv. b\u00fcrgerliches Mitglied im Ausschuss f\u00fcr Bildung, Jugend, Kultur und Soziales. Ferner geh\u00f6re ich den Beir\u00e4ten der Kinderg\u00e4rten an.<\/p>\n\n\n\n<p>In meinen mehr als 40 Ehejahren konnte ich durch die Schulzeit unserer zwei T\u00f6chter und den beiden Flintbeker Enkelkindern einen engen und interessierten Kontakt zur Flintbeker Schule erhalten. Ein Flintbek, das auch noch f\u00fcr meine Urenkel lebens- und liebenswert ist, liegt mir bei meinem ehrenamtlichen Engagement sehr am Herzen.<\/p>\n\n\n\n<p><\/p>\n\n\n\n<h4 class=\"wp-block-heading\" id=\"stefan-hansen\"><strong><em>Stefan Hansen <\/em><\/strong><\/h4>\n\n\n\n<figure class=\"wp-block-image\"><img loading=\"lazy\" decoding=\"async\" width=\"122\" height=\"150\" src=\"https:\/\/uwf-online.de\/wp-content\/uploads\/2019\/04\/03UWFadmin-ajax.jpg\" alt=\"\" class=\"wp-image-2391\"\/><\/figure>\n\n\n\n<p>Mein Name ist Stefan Hansen. Meine Familie und ich wohnen seit Dezember 1999 im Amselring 22 in Flintbek. Wir haben einen Sohn und in Flintbek f\u00fchlen wir uns sehr wohl. Von Beruf bin ich Jurist und arbeite in einer Leitungsfunktion bei einem Verlag mit kommunalem Bezug in der Kieler Niederlassung. Ich bin Vorsitzender des Umwelt- und Wegeausschusses.<\/p>\n\n\n\n<p><\/p>\n\n\n\n<h4 class=\"wp-block-heading\" id=\"ingo-hartwig\"><em><strong>Ingo Hartwig<\/strong><\/em><\/h4>\n\n\n\n<figure class=\"wp-block-image\"><img loading=\"lazy\" decoding=\"async\" width=\"107\" height=\"150\" src=\"https:\/\/uwf-online.de\/wp-content\/uploads\/2019\/04\/02uwfadmin-ajax.jpg\" alt=\"\" class=\"wp-image-2390\"\/><\/figure>\n\n\n\n<p>Berufssoldat a.D., geboren 1968, verheiratet, und seit 1991 wohnhaft in Flintbek. In der UWF bin ich seit 1996 aktiv und\u00a0wurde im Jahre 1998, damals mit 29 Jahren, als j\u00fcngster Gemeindevertreter in die Gemeindevertretung gew\u00e4hlt. Als Vater dreier Kinder bildet bei mir der Erhalt und Ausbau der Qualit\u00e4t von Kinderbetreuung in den Kindertagesst\u00e4tten, Schulen und Jugendbetreuung im Haus der Jugend, sowie die Jugendarbeit in den Flintbeker Vereinen das kommunalpolitische Interesse. Um die Zukunftsf\u00e4higkeit unserer Einrichtungen in der Gemeinde Flintbek abzusichern, m\u00f6chte ich, dass die Kommunalpolitik dauerhaft attraktive Ma\u00dfnahmen f\u00fcr junge Familien umsetzt. Besonders am Herzen liegt mir, dass das neue B\u00fcrger- und Sportzentrums, als Haus der Vereine und Verb\u00e4nde und als Ort f\u00fcr sportliche Aktivit\u00e4ten f\u00fcr Jung und Alt, einen gro\u00dfen Zuspruch erf\u00e4hrt sowie den zukunftsf\u00e4higen Erhalt und Ausbau der Sportst\u00e4tten in Bezug auf die Flintbeker Bev\u00f6lkerungsentwicklung.. Seit meinem Abschied als Gemeindevertreter habe ich mein ehrenamtliches Engagement im Jugendsport des TSV Flintbek ausgeweitet.<br \/>In dieser Wahlperiode vertrete ich die UWF als stv. b\u00fcrgerliches Mitglied im Ausschuss f\u00fcr Bildung-, Jugend-, Kultur- und Soziales und unterst\u00fctze die Fraktion mit den Erfahrungen aus 25 Jahren ehrenamtlicher Kommunalpolitik. <\/p>\n\n\n\n<p><\/p>\n\n\n\n<h4 class=\"wp-block-heading\" id=\"michael-muhs\"><strong><em>Michael Muhs&nbsp;<\/em><\/strong><\/h4>\n\n\n\n<figure class=\"wp-block-image size-large is-resized\"><a href=\"https:\/\/uwf-online.de\/wp-content\/uploads\/2023\/01\/IMG_20230112_062304.jpg\"><img loading=\"lazy\" decoding=\"async\" width=\"937\" height=\"1024\" src=\"https:\/\/uwf-online.de\/wp-content\/uploads\/2023\/01\/IMG_20230112_062304-937x1024.jpg\" alt=\"\" class=\"wp-image-2688\" style=\"width:130px;height:142px\" srcset=\"https:\/\/uwf-online.de\/wp-content\/uploads\/2023\/01\/IMG_20230112_062304-937x1024.jpg 937w, https:\/\/uwf-online.de\/wp-content\/uploads\/2023\/01\/IMG_20230112_062304-275x300.jpg 275w, https:\/\/uwf-online.de\/wp-content\/uploads\/2023\/01\/IMG_20230112_062304-768x839.jpg 768w, https:\/\/uwf-online.de\/wp-content\/uploads\/2023\/01\/IMG_20230112_062304-1406x1536.jpg 1406w, https:\/\/uwf-online.de\/wp-content\/uploads\/2023\/01\/IMG_20230112_062304-1874x2048.jpg 1874w\" sizes=\"auto, (max-width: 937px) 100vw, 937px\" \/><\/a><\/figure>\n\n\n\n<p>Dipl.-Kfm., Jg. 1954, verheiratet mit einer Flintbekerin. Sechs Jahre lang Sch\u00fcler der Schule am Eiderwald. Seit 1985 ist Flintbek unser gemeinsames Zuhause. Mit Flintbeker kommunalen Fragen und L\u00f6sungen bin ich somit seit langem vertraut. In der Kommunalpolitik suche ich nach wirtschaftlich vern\u00fcnftigen L\u00f6sungen. Die zunehmend knapperen finanziellen Spielr\u00e4ume verpflichten die Politik dazu, effiziente L\u00f6sungen zu suchen. Die Belastung der B\u00fcrgerinnen und B\u00fcrger mit Steuern oder kommunalen Abgaben und Geb\u00fchren kann dauerhaft nur bis auf ein allgemein akzeptiertes Niveau erh\u00f6ht werden. Zunehmend werden die pers\u00f6nlichen Belastungsgrenzen der B\u00fcrgerinnen und B\u00fcrger erkennbar. Es ist an der Zeit Verwaltungen zu verschlanken, mit digitalisierten L\u00f6sungen zu modernisieren und die vielf\u00e4ltigen b\u00fcrokratischen Anforderungen bzw. Hemmnisse kritisch zu hinterfragen. In diesem Sinne gilt es, im neuen Amt Eidertal alle Chancen zu nutzen. Denn nur wenn es uns dauerhaft gelingt die finanziellen Spielr\u00e4ume zu erhalten, bleiben die Chancen der demokratischen Selbstverwaltung, f\u00fcr B\u00fcrgerinnen und B\u00fcrger, sichtbar. Seit 1997 bin ich in verschiedenen Aussch\u00fcssen aktiv und seit dem 14.06.2023 erneut als Gemeindevertreter.<\/p>\n\n\n\n<h4 class=\"wp-block-heading\" id=\"thomas-rahn\"> <strong><em>Thomas Rahn<\/em><\/strong><\/h4>\n\n\n\n<figure class=\"wp-block-image size-large is-resized\"><a href=\"https:\/\/uwf-online.de\/wp-content\/uploads\/2021\/12\/Bild-Thomas-e1640167937314.jpg\"><img loading=\"lazy\" decoding=\"async\" width=\"863\" height=\"1024\" src=\"https:\/\/uwf-online.de\/wp-content\/uploads\/2021\/12\/Bild-Thomas-863x1024.jpg\" alt=\"\" class=\"wp-image-2619\" style=\"width:122px;height:145px\"\/><\/a><\/figure>\n\n\n\n<p>Mein Name ist Thomas Rahn und ich lebe mit meiner Frau seit 2005 in sch\u00f6nen Flintbek. Ich bin in einem mittelst\u00e4ndischen Unternehmen im Kieler Raum t\u00e4tig. Dort arbeite ich im Prototypenbau\/Engineering der Antriebstechnik f\u00fcr s\u00e4mtliche Fahrzeugmarken sowie f\u00fcr die Sparte Motorsport. Des Weiteren vertrete ich die Interessen der Belegschaft als Betriebsrat und engagiere mich in der IG Metall als ehrenamtlicher Funktion\u00e4r. <\/p>\n\n\n\n<p>Im April 2017 trat ich in die SPD ein, um im Sommer2021 wieder auszutreten. Diese vier Jahre nutzte ich intensiv f\u00fcr kommunalpolitische Weiterbildung und f\u00fcr ein Mitwirken in der Flintbeker Gemeindevertretung sowie f\u00fcr die Arbeit in der SPD-Kreistagsfraktion Rendsburg-Eckernf\u00f6rde. Meine Gr\u00fcnde f\u00fcr den Austritt aus der Partei sind vielf\u00e4ltig gewesen. Gelinde gesagt wollte ich keinen weiteren Linksruck der Programmatik unterst\u00fctzen. Ich wollte mich, aber \u2013 unbedingt &#8211;&nbsp; auf kommunalpolitischer Ebene weiterhin engagieren und das ohne parteiideologisches Gepl\u00e4nkel. Hierf\u00fcr kam nur eine Alternative in Frage! Die UWF ist nun meine politische Heimat in der Kommunalpolitik geworden. Eins ist mir besonders wichtig: Die finanzielle Situation Flintbeks. Nat\u00fcrlich m\u00fcssen wir weiterhin unser sch\u00f6nes Flintbek attraktiv und familienfreundlich sowie generations\u00fcbergreifend gestalten, aber wie zahlen wir alles? Wir sollten es als notwendig ansehen, bew\u00e4hrte Strukturen, welche das Ansehen von Flintbek ausmachen, zu st\u00e4rken und ans\u00e4ssigen Firmen und Gewerbetreibenden optimale Bedingungen anzubieten<\/p>\n\n\n\n<p><\/p>\n\n\n\n<p><\/p>\n","protected":false},"excerpt":{"rendered":"<p>Anschrift der UWF-Fraktion: UWF Heitmannskamp 2 24220 Flintbek Die UWF Fraktion hat z.Z. folgende aktive Mitglieder: Helmut Gro\u00df (Fraktionsvorsitzender) 1950&nbsp; in Flintbek geboren, seit \u00fcber 50 Jahren verheiratet, zwei T\u00f6chter und vier Enkelkinder. Eine Flintbeker Familie. Grund- und Realschule in Flintbek. Nach der Lehre ging es in die Landwirtschaft und anschlie\u00dfend in die Landespolizei Schleswig-Holstein. [&hellip;]<\/p>\n","protected":false},"author":2,"featured_media":0,"parent":0,"menu_order":0,"comment_status":"closed","ping_status":"closed","template":"","meta":{"footnotes":""},"class_list":["post-489","page","type-page","status-publish","hentry","entry"],"_links":{"self":[{"href":"https:\/\/uwf-online.de\/index.php?rest_route=\/wp\/v2\/pages\/489","targetHints":{"allow":["GET"]}}],"collection":[{"href":"https:\/\/uwf-online.de\/index.php?rest_route=\/wp\/v2\/pages"}],"about":[{"href":"https:\/\/uwf-online.de\/index.php?rest_route=\/wp\/v2\/types\/page"}],"author":[{"embeddable":true,"href":"https:\/\/uwf-online.de\/index.php?rest_route=\/wp\/v2\/users\/2"}],"replies":[{"embeddable":true,"href":"https:\/\/uwf-online.de\/index.php?rest_route=%2Fwp%2Fv2%2Fcomments&post=489"}],"version-history":[{"count":159,"href":"https:\/\/uwf-online.de\/index.php?rest_route=\/wp\/v2\/pages\/489\/revisions"}],"predecessor-version":[{"id":2761,"href":"https:\/\/uwf-online.de\/index.php?rest_route=\/wp\/v2\/pages\/489\/revisions\/2761"}],"wp:attachment":[{"href":"https:\/\/uwf-online.de\/index.php?rest_route=%2Fwp%2Fv2%2Fmedia&parent=489"}],"curies":[{"name":"wp","href":"https:\/\/api.w.org\/{rel}","templated":true}]}}

<p class="has-medium-font-size"><strong><em>Anschrift der UWF-Fraktion:</em></strong></p>



<p class="has-medium-font-size"><em>UWF</em></p>



<p class="has-medium-font-size"><em>Heitmannskamp 2</em></p>



<p class="has-medium-font-size"><em>24220 Flintbek</em></p>



<p></p>



<p></p>



<p class="has-medium-font-size"><strong><em>Die UWF Fraktion hat z.Z. folgende aktive Mitglieder</em></strong><strong><em>:</em></strong></p>



<h4 class="wp-block-heading" id="helmut-gross-fraktionsvorsitzender"><strong><em>Helmut Groß (Fraktionsvorsitzender)</em></strong></h4>



<figure class="wp-block-image"><img loading="lazy" decoding="async" width="123" height="150" src="https://uwf-online.de/wp-content/uploads/2019/04/05UWFadmin-ajax.jpg" alt="" class="wp-image-2393"/></figure>



<p>1950&nbsp; in Flintbek geboren, seit über 50 Jahren verheiratet, zwei Töchter und vier Enkelkinder. Eine Flintbeker Familie. Grund- und Realschule in Flintbek. Nach der Lehre ging es in die Landwirtschaft und anschließend in die Landespolizei Schleswig-Holstein. Beruflich am stärksten geprägt hat mich die schöne Zeit bei der Wasserschutzpolizei. Dort entstand bei mir und meiner Frau die Faszination für den Wassersport. Seit 1994 bin ich Gemeindevertreter und habe in allen Ausschüssen mitgearbeitet. Bei allen Entscheidungen in den Ausschüssen und in der Gemeindevertretung setzte ich mich für die beste Lösung für Flintbek ein, die auch die wirtschaftlichste sein muss. Ein besonderes Augenmerk habe ich für eine sachgerechte Unterhaltung der gemeindeeigenen Liegenschaften und Straßen und die wirtschaftliche Geldausgabe in der Verwaltung.</p>



<p></p>



<h4 class="wp-block-heading" id="ruth-gross"><strong><em>Ruth Groß </em></strong></h4>



<figure class="wp-block-image"><img loading="lazy" decoding="async" width="121" height="150" src="https://uwf-online.de/wp-content/uploads/2019/04/04UWFadmin-ajax.jpg" alt="" class="wp-image-2392"/></figure>



<p>Hauswirtschaftsmeisterin, bei mir weht ein frischer Wind wenn es um die Finanzen geht. Ich bin stv. Mitglied im Rechnungsprüfungsausschuss und stv. bürgerliches Mitglied im Ausschuss für Bildung, Jugend, Kultur und Soziales. Ferner gehöre ich den Beiräten der Kindergärten an.</p>



<p>In meinen mehr als 40 Ehejahren konnte ich durch die Schulzeit unserer zwei Töchter und den beiden Flintbeker Enkelkindern einen engen und interessierten Kontakt zur Flintbeker Schule erhalten. Ein Flintbek, das auch noch für meine Urenkel lebens- und liebenswert ist, liegt mir bei meinem ehrenamtlichen Engagement sehr am Herzen.</p>



<p></p>



<h4 class="wp-block-heading" id="stefan-hansen"><strong><em>Stefan Hansen </em></strong></h4>



<figure class="wp-block-image"><img loading="lazy" decoding="async" width="122" height="150" src="https://uwf-online.de/wp-content/uploads/2019/04/03UWFadmin-ajax.jpg" alt="" class="wp-image-2391"/></figure>



<p>Mein Name ist Stefan Hansen. Meine Familie und ich wohnen seit Dezember 1999 im Amselring 22 in Flintbek. Wir haben einen Sohn und in Flintbek fühlen wir uns sehr wohl. Von Beruf bin ich Jurist und arbeite in einer Leitungsfunktion bei einem Verlag mit kommunalem Bezug in der Kieler Niederlassung. Ich bin Vorsitzender des Umwelt- und Wegeausschusses.</p>



<p></p>



<h4 class="wp-block-heading" id="ingo-hartwig"><em><strong>Ingo Hartwig</strong></em></h4>



<figure class="wp-block-image"><img loading="lazy" decoding="async" width="107" height="150" src="https://uwf-online.de/wp-content/uploads/2019/04/02uwfadmin-ajax.jpg" alt="" class="wp-image-2390"/></figure>



<p>Berufssoldat a.D., geboren 1968, verheiratet, und seit 1991 wohnhaft in Flintbek. In der UWF bin ich seit 1996 aktiv und wurde im Jahre 1998, damals mit 29 Jahren, als jüngster Gemeindevertreter in die Gemeindevertretung gewählt. Als Vater dreier Kinder bildet bei mir der Erhalt und Ausbau der Qualität von Kinderbetreuung in den Kindertagesstätten, Schulen und Jugendbetreuung im Haus der Jugend, sowie die Jugendarbeit in den Flintbeker Vereinen das kommunalpolitische Interesse. Um die Zukunftsfähigkeit unserer Einrichtungen in der Gemeinde Flintbek abzusichern, möchte ich, dass die Kommunalpolitik dauerhaft attraktive Maßnahmen für junge Familien umsetzt. Besonders am Herzen liegt mir, dass das neue Bürger- und Sportzentrums, als Haus der Vereine und Verbände und als Ort für sportliche Aktivitäten für Jung und Alt, einen großen Zuspruch erfährt sowie den zukunftsfähigen Erhalt und Ausbau der Sportstätten in Bezug auf die Flintbeker Bevölkerungsentwicklung.. Seit meinem Abschied als Gemeindevertreter habe ich mein ehrenamtliches Engagement im Jugendsport des TSV Flintbek ausgeweitet.<br />In dieser Wahlperiode vertrete ich die UWF als stv. bürgerliches Mitglied im Ausschuss für Bildung-, Jugend-, Kultur- und Soziales und unterstütze die Fraktion mit den Erfahrungen aus 25 Jahren ehrenamtlicher Kommunalpolitik. </p>



<p></p>



<h4 class="wp-block-heading" id="michael-muhs"><strong><em>Michael Muhs&nbsp;</em></strong></h4>



<figure class="wp-block-image size-large is-resized"><a href="https://uwf-online.de/wp-content/uploads/2023/01/IMG_20230112_062304.jpg"><img loading="lazy" decoding="async" width="937" height="1024" src="https://uwf-online.de/wp-content/uploads/2023/01/IMG_20230112_062304-937x1024.jpg" alt="" class="wp-image-2688" style="width:130px;height:142px" srcset="https://uwf-online.de/wp-content/uploads/2023/01/IMG_20230112_062304-937x1024.jpg 937w, https://uwf-online.de/wp-content/uploads/2023/01/IMG_20230112_062304-275x300.jpg 275w, https://uwf-online.de/wp-content/uploads/2023/01/IMG_20230112_062304-768x839.jpg 768w, https://uwf-online.de/wp-content/uploads/2023/01/IMG_20230112_062304-1406x1536.jpg 1406w, https://uwf-online.de/wp-content/uploads/2023/01/IMG_20230112_062304-1874x2048.jpg 1874w" sizes="auto, (max-width: 937px) 100vw, 937px" /></a></figure>



<p>Dipl.-Kfm., Jg. 1954, verheiratet mit einer Flintbekerin. Sechs Jahre lang Schüler der Schule am Eiderwald. Seit 1985 ist Flintbek unser gemeinsames Zuhause. Mit Flintbeker kommunalen Fragen und Lösungen bin ich somit seit langem vertraut. In der Kommunalpolitik suche ich nach wirtschaftlich vernünftigen Lösungen. Die zunehmend knapperen finanziellen Spielräume verpflichten die Politik dazu, effiziente Lösungen zu suchen. Die Belastung der Bürgerinnen und Bürger mit Steuern oder kommunalen Abgaben und Gebühren kann dauerhaft nur bis auf ein allgemein akzeptiertes Niveau erhöht werden. Zunehmend werden die persönlichen Belastungsgrenzen der Bürgerinnen und Bürger erkennbar. Es ist an der Zeit Verwaltungen zu verschlanken, mit digitalisierten Lösungen zu modernisieren und die vielfältigen bürokratischen Anforderungen bzw. Hemmnisse kritisch zu hinterfragen. In diesem Sinne gilt es, im neuen Amt Eidertal alle Chancen zu nutzen. Denn nur wenn es uns dauerhaft gelingt die finanziellen Spielräume zu erhalten, bleiben die Chancen der demokratischen Selbstverwaltung, für Bürgerinnen und Bürger, sichtbar. Seit 1997 bin ich in verschiedenen Ausschüssen aktiv und seit dem 14.06.2023 erneut als Gemeindevertreter.</p>



<h4 class="wp-block-heading" id="thomas-rahn"> <strong><em>Thomas Rahn</em></strong></h4>



<figure class="wp-block-image size-large is-resized"><a href="https://uwf-online.de/wp-content/uploads/2021/12/Bild-Thomas-e1640167937314.jpg"><img loading="lazy" decoding="async" width="863" height="1024" src="https://uwf-online.de/wp-content/uploads/2021/12/Bild-Thomas-863x1024.jpg" alt="" class="wp-image-2619" style="width:122px;height:145px"/></a></figure>



<p>Mein Name ist Thomas Rahn und ich lebe mit meiner Frau seit 2005 in schönen Flintbek. Ich bin in einem mittelständischen Unternehmen im Kieler Raum tätig. Dort arbeite ich im Prototypenbau/Engineering der Antriebstechnik für sämtliche Fahrzeugmarken sowie für die Sparte Motorsport. Des Weiteren vertrete ich die Interessen der Belegschaft als Betriebsrat und engagiere mich in der IG Metall als ehrenamtlicher Funktionär. </p>



<p>Im April 2017 trat ich in die SPD ein, um im Sommer2021 wieder auszutreten. Diese vier Jahre nutzte ich intensiv für kommunalpolitische Weiterbildung und für ein Mitwirken in der Flintbeker Gemeindevertretung sowie für die Arbeit in der SPD-Kreistagsfraktion Rendsburg-Eckernförde. Meine Gründe für den Austritt aus der Partei sind vielfältig gewesen. Gelinde gesagt wollte ich keinen weiteren Linksruck der Programmatik unterstützen. Ich wollte mich, aber – unbedingt &#8211;&nbsp; auf kommunalpolitischer Ebene weiterhin engagieren und das ohne parteiideologisches Geplänkel. Hierfür kam nur eine Alternative in Frage! Die UWF ist nun meine politische Heimat in der Kommunalpolitik geworden. Eins ist mir besonders wichtig: Die finanzielle Situation Flintbeks. Natürlich müssen wir weiterhin unser schönes Flintbek attraktiv und familienfreundlich sowie generationsübergreifend gestalten, aber wie zahlen wir alles? Wir sollten es als notwendig ansehen, bewährte Strukturen, welche das Ansehen von Flintbek ausmachen, zu stärken und ansässigen Firmen und Gewerbetreibenden optimale Bedingungen anzubieten</p>



<p></p>



<p></p>

<p>Anschrift der UWF-Fraktion: UWF Heitmannskamp 2 24220 Flintbek Die UWF Fraktion hat z.Z. folgende aktive Mitglieder: Helmut Groß (Fraktionsvorsitzender) 1950&nbsp; in Flintbek geboren, seit über 50 Jahren verheiratet, zwei Töchter und vier Enkelkinder. Eine Flintbeker Familie. Grund- und Realschule in Flintbek. Nach der Lehre ging es in die Landwirtschaft und anschließend in die Landespolizei Schleswig-Holstein. [&hellip;]</p>
