{"id":85,"date":"2011-02-21T08:19:02","date_gmt":"2011-02-21T08:19:02","guid":{"rendered":"http:\/\/uwflintbek.wordpress.com\/?page_id=85"},"modified":"2026-02-04T13:05:29","modified_gmt":"2026-02-04T11:05:29","slug":"wir-uber-uns","status":"publish","type":"page","link":"https:\/\/uwf-online.de\/","title":{"rendered":"Herzlich Willkommen auf der Homepage der UWF!"},"content":{"rendered":"<p><span style=\"color: #333333;\">Die UWF geh\u00f6rt zu den \u00e4ltesten W\u00e4hlergemeinschaften in Schleswig-Holstein. Seit \u00fcber 60 Jahren stehen wir in Flintbek f\u00fcr kompetente und unabh\u00e4ngige Kommunalpolitik. Die UWF ist keine Partei, denn wir sind davon \u00fcberzeugt, dass Kommunalpolitik nicht parteipolitisch bestimmt sein darf. Uns geht es um die Sache und nicht um Parteidisziplin und Machterhalt. Kommunalpolitische Entscheidungen m\u00fcssen f\u00fcr die B\u00fcrgerinnen und B\u00fcrger transparent und nachvollziehbar sein. Wir nehmen die Bedenken und Sorgen der Menschen ernst und ber\u00fccksichtigen sie bei unserer politischen Arbeit. Das ist unsere Vorstellung von \u201egelebter Demokratie\u201c.<\/span><\/p>\n<p><span style=\"color: #333333;\">Auf unserer Homepage informieren wir Sie \u00fcber aktuelle Themen der Flintbeker Kommunalpolitik. Wenn Sie mehr \u00fcber unsere Arbeit wissen wollen oder sich aktiv beteiligen m\u00f6chten, z\u00f6gern Sie nicht, mit uns Kontakt aufzunehmen.\u00a0<\/span><\/p>\n","protected":false},"excerpt":{"rendered":"<p>Die UWF geh\u00f6rt zu den \u00e4ltesten W\u00e4hlergemeinschaften in Schleswig-Holstein. Seit \u00fcber 60 Jahren stehen wir in Flintbek f\u00fcr kompetente und unabh\u00e4ngige Kommunalpolitik. Die UWF ist keine Partei, denn wir sind davon \u00fcberzeugt, dass Kommunalpolitik nicht parteipolitisch bestimmt sein darf. Uns geht es um die Sache und nicht um Parteidisziplin und Machterhalt. Kommunalpolitische Entscheidungen m\u00fcssen f\u00fcr [&hellip;]<\/p>\n","protected":false},"author":2,"featured_media":0,"parent":0,"menu_order":0,"comment_status":"closed","ping_status":"closed","template":"","meta":{"footnotes":""},"class_list":["post-85","page","type-page","status-publish","hentry","entry"],"_links":{"self":[{"href":"https:\/\/uwf-online.de\/index.php?rest_route=\/wp\/v2\/pages\/85","targetHints":{"allow":["GET"]}}],"collection":[{"href":"https:\/\/uwf-online.de\/index.php?rest_route=\/wp\/v2\/pages"}],"about":[{"href":"https:\/\/uwf-online.de\/index.php?rest_route=\/wp\/v2\/types\/page"}],"author":[{"embeddable":true,"href":"https:\/\/uwf-online.de\/index.php?rest_route=\/wp\/v2\/users\/2"}],"replies":[{"embeddable":true,"href":"https:\/\/uwf-online.de\/index.php?rest_route=%2Fwp%2Fv2%2Fcomments&post=85"}],"version-history":[{"count":112,"href":"https:\/\/uwf-online.de\/index.php?rest_route=\/wp\/v2\/pages\/85\/revisions"}],"predecessor-version":[{"id":2845,"href":"https:\/\/uwf-online.de\/index.php?rest_route=\/wp\/v2\/pages\/85\/revisions\/2845"}],"wp:attachment":[{"href":"https:\/\/uwf-online.de\/index.php?rest_route=%2Fwp%2Fv2%2Fmedia&parent=85"}],"curies":[{"name":"wp","href":"https:\/\/api.w.org\/{rel}","templated":true}]}}